2*y - 43 + 33 = 0. Suppose 0 = y*x + 2*i - 746, 0*i - 304 = -2*x + 2*i. What are the prime factors of x?
2, 3, 5
Let d = -410 + 554. What are the prime factors of d?
2, 3
Let m(u) = u**2 + 4*u - 2. Suppose 4*s = n - 23, 0 = 4*n + 4 - 16. Let k be m(s). Suppose 3*r = -f + 33, 0 = 2*f + k*f. List the prime factors of r.
11
Let g(r) = -6*r**3 - 6*r**2 + 8*r + 33. List the prime factors of g(-6).
3, 5, 71
Let p(j) = 21*j + 1. Suppose 20 = -n - 3*n. Let x(w) = -43*w - 3. Let i(v) = n*p(v) - 2*x(v). List the prime factors of i(-1).
2, 5
Let z be ((-4)/(-10))/((-6)/(-60)). Suppose 0*x + 236 = 2*x. Suppose 0 = -z*m + 2*p + x, 6*p - 3*p - 143 = -4*m. What are the prime factors of m?
2
Let n = 59 - 66. List the prime factors of 0 + -1 - (-2 + 245/n).
2, 3
Suppose -8*t = -2*t - 12. Suppose t*y - 4*n - 26 = 6, 3*y + 5*n = 37. What are the prime factors of y?
2, 7
Suppose 3*q - 5 = 1. Suppose 5*m - 250 = -5*f, -q*f = -4*m + 11 - 99. Suppose -f = -z + s, 5*s + 0*s + 10 = 0. What are the prime factors of z?
2, 23
Let c be 1 + 2 - (-45)/3. Suppose 0 = c*g - 21*g. Suppose 3*w = -5*k - g*w + 221, w + 187 = 4*k. List the prime factors of k.
2, 23
Suppose -4*y - 9 = 7. Let c be (-16)/64 - 1073/y. Suppose 5*i - 2*w - c = i, -2*i = 2*w - 128. List the prime factors of i.
2, 3, 11
Let h = 24 + -43. Suppose -3*v + 105 = -4*a, -3 = 2*v - 1. Let p = h - a. List the prime factors of p.
2
Let u be (3 - 4) + (-10)/2. What are the prime factors of (4/u - 2)*-24?
2
Suppose 3*z - 22 + 4 = 0. Suppose -z*h + 20 = -2*h. Suppose t = -h*c - 0*t + 15, 0 = -3*c + 2*t + 22. What are the prime factors of c?
2
Let k(w) = w**3 - 13*w**2 + 14*w - 18. Let f be k(12). Suppose 0 = f*n - 0*n - 276. What are the prime factors of n?
2, 23
Let o(n) = -n - 1. Let y(k) = 21*k + 16. Let m(t) = 4*o(t) + y(t). What are the prime factors of m(6)?
2, 3, 19
Suppose -u + 14 = q, -3*q - u - 3*u + 46 = 0. List the prime factors of q/30 - 568/(-6).
5, 19
Suppose 2*w + 3250 = 7*w. Let c be (26/65)/(2/w). What are the prime factors of c/4 + (-2)/(-4)?
3, 11
Suppose 4*z - 2*z + 2*g - 304 = 0, -4*g = 2*z - 302. Suppose 2*b + 0*q - 90 = 2*q, 3*q - z = -3*b. List the prime factors of b/60*(-1 + 6).
2
Let p(i) = 4 - 17*i + 5 - 8. List the prime factors of p(-2).
5, 7
Suppose -3*w + 505 = -2321. List the prime factors of w.
2, 3, 157
Suppose 0 = -0*n + 5*n - 20. Suppose 2*k - 36 = -0*k - y, -n*y - 64 = -5*k. What are the prime factors of k?
2
Suppose c - 15 = -5*s, 2*c + 2*s = c. Let u = c + 114. List the prime factors of u.
2, 13
Let n = 6 + -1. Suppose -5 - 20 = -n*f. Suppose -4*b + f*b = 47. List the prime factors of b.
47
Suppose 78 - 3180 = -11*u. What are the prime factors of u?
2, 3, 47
Suppose 5*a - 8691 = -6*f + 9*f, 2*a + 2*f - 3486 = 0. List the prime factors of a.
2, 3, 5, 29
Let r(m) = m**2 - m. Let w(p) = 5*p**3 - p**2 + 4*p. Let q be 5 + -9 - 2/(-2). Let l(u) = q*r(u) - w(u). List the prime factors of l(-1).
2
Suppose -i - 2*i + 12 = 0. Suppose 0 = l, 0 = -x + 3*x + l - 4. Suppose -x = 3*u + 4, 0 = i*d - 4*u - 112. List the prime factors of d.
2, 13
List the prime factors of 9*77*2 + 8 + -4.
2, 5, 139
Let p be (1 + -3)/((-3)/15). Let j = 32 - p. What are the prime factors of j?
2, 11
Suppose 50 = 3*h + 2*a - 11, 4*h + a - 73 = 0. Suppose 4*g + 30 = 3*y - 28, y - h = -g. What are the prime factors of y?
2, 3
Suppose 8*c = -6*c + 6328. List the prime factors of c.
2, 113
Let c(g) = -70*g - 39. List the prime factors of c(-6).
3, 127
What are the prime factors of ((-12)/3)/(4*3/(-5148))?
2, 3, 11, 13
Let y(t) = -t + 9. Let j be y(7). Suppose 234 = 2*z + 4*f, -6*f + 115 = z - j*f. What are the prime factors of z?
7, 17
Let x = 8 + 11. Suppose -h - 1 = 2*a + 11, 3*h - x = 5*a. List the prime factors of 43 - 4/(1 + h).
47
Let g = -968 + 1843. List the prime factors of g.
5, 7
Let q be -12*((-21)/(-6) - 4). Suppose 4*x = q*x + 6. List the prime factors of 11/((-4)/36*x).
3, 11
Let y(a) = 3*a - 3. Let i be y(2). Suppose -5*b + 389 = -3*t, 2*b + 2*b = i*t + 313. What are the prime factors of b?
2, 19
Let y(z) = 4*z**2 - 20*z + 151. List the prime factors of y(9).
5, 59
Let q(f) = -266*f + 628. What are the prime factors of q(-6)?
2, 139
Let h(j) = -3*j**3 + 10*j**2 + 4*j + 16. What are the prime factors of h(-6)?
2, 5
Let d = 286 - 134. Let z = d + -93. List the prime factors of z.
59
What are the prime factors of (4850/30)/(25/30)?
2, 97
Let u = 10 - 1. Suppose -5*d = -2*l + 16, 2*l + 4*d = 7 + u. Suppose -j + 18 - l = 0. List the prime factors of j.
2, 5
Suppose 5*y - 647 = 43. Suppose 0 = -4*l - 2*l + y. List the prime factors of l.
23
Let x = 265 + -95. What are the prime factors of x?
2, 5, 17
Suppose -950*b + 945*b + 1695 = 0. List the prime factors of b.
3, 113
Let g = -47 + -33. Let o = g - -95. List the prime factors of o.
3, 5
Let b(d) = -d**3 - 3*d**2 + 5*d + 7. Suppose 0 = 4*x - 4, 2*x + 3*x - 9 = c. Let z be b(c). Let y = z - -48. What are the prime factors of y?
3, 17
Let u = -25 + 20. Let j be 5044/(-65) + 2/u. Let o = -34 - j. What are the prime factors of o?
2, 11
Let d(z) = z**3 + 3*z**2 - z. Let p be d(-3). Suppose -8*f + 4*f = p*t - 71, 4*f + 2*t - 70 = 0. What are the prime factors of f?
17
Suppose -440 - 6259 = -7*f. List the prime factors of f.
3, 11, 29
List the prime factors of 3/(-2)*(-3 + -147).
3, 5
Let l be (-16)/(-5)*(-19 + 14). List the prime factors of (204/l)/(2 - (-76)/(-32)).
2, 17
Suppose -67*y + 272439 = -42930. What are the prime factors of y?
3, 523
Let k be (-4)/(-3) - (-323)/(-51). List the prime factors of (0 - 2)*-362*k/(-20).
181
Suppose -15*k = -14*k + 2, 4*g + 4*k - 12056 = 0. What are the prime factors of g?
2, 13, 29
Let f = 95 - -5. Suppose 4*h - 93 = -0*g + 3*g, -4*g = 4*h - f. Let j = h + 2. List the prime factors of j.
2, 13
Let z = -365 + 367. Let j(t) be the first derivative of t**3/3 + 3*t**2/2 - 3*t + 1. What are the prime factors of j(z)?
7
Let u(p) = 17*p**2 + 33*p - 6. What are the prime factors of u(7)?
2, 23
Let a(m) = 6*m - 80. List the prime factors of a(31).
2, 53
Let u = -1053 - -2097. What are the prime factors of u?
2, 3, 29
Let g be 996/32 - (-1)/(-8). Let l(f) = 6*f + 1. Let q be l(-2). Let i = g + q. What are the prime factors of i?
2, 5
Let f be (-1 + -3)/(-6 - -4). Suppose 3*o + 5 = 2*o, -2*n - f*o = -548. List the prime factors of n.
3, 31
Let n = 34 + -22. Suppose 0 = -2*o + 20 - n. Suppose -y = -3 - o. List the prime factors of y.
7
Let t be 1/(21/(-11) + 2). Let i(g) = -4*g. Let m(w) = -26*w + 25. Let p(b) = -6*i(b) + m(b). What are the prime factors of p(t)?
3
Let m(n) be the second derivative of n**3/6 - 5*n**2 - 7*n. Let t be m(6). Let k(h) = -h**3 - 4*h**2 - 6*h - 2. What are the prime factors of k(t)?
2, 11
Let i(c) = -22*c + 11 - 12 + 0*c. What are the prime factors of i(-5)?
109
Let k = 3 - -16. Let c = -64 + k. Let s = c - -76. What are the prime factors of s?
31
Suppose 6 = l - 4. Suppose w - 10 = l. Let p = w - 11. What are the prime factors of p?
3
Suppose 0 = -2*r - 3*c + 10, -4*r - 6*c + 20 = -c. Suppose -5*o = -3*n - 300, 5*n = -r*o - 31 + 291. Let l = o - 38. List the prime factors of l.
19
Suppose h + 9 = -5*b - 2*h, -b + 2*h + 6 = 0. Suppose -2*t + 385 = -l, t + 3*t - 5*l - 755 = b. What are the prime factors of t?
3, 5, 13
Let q = -705 - -1320. List the prime factors of q.
3, 5, 41
Suppose s + b - 5 = 0, -5*s - 3*b = -12 - 3. Suppose s = -k + 23 + 59. List the prime factors of k.
2, 41
List the prime factors of (-498)/6*(1 - 2).
83
Suppose 0 = 8*b - 3*b - 5. Let a(y) = -5*y - b + 2 - 1 + 3. What are the prime factors of a(-10)?
53
Suppose -3 - 9 = -c - 3*b, 5*c - 5*b = 100. Suppose v + c = 4*v. Suppose -g = -v*g + 290. List the prime factors of g.
2, 29
Let h(s) = s**2 + 5*s + 5*s + 0*s + 9. List the prime factors of h(-14).
5, 13
Let b = -531 - -566. What are the prime factors of b?
5, 7
Let w be 9/6*(-12)/(-9). Suppose -o = -4*z + 6, -w*o + o + 2*z = -2. Suppose o + 2 = 3*j. List the prime factors of j.
2
Let k = 516 + 180. List the prime factors of k.
2, 3, 29
Let a(c) = 1. Let n(y) = 15*y - 15. Let f(j) = -5*a(j) + n(j). Let s be f(8). Suppose 0 = -4*d - d + s. What are the prime factors of d?
2, 5
Suppose 3*m - 5*y - 773 = 6163, 0 = -3*y. List the prime factors of m.
2, 17
Let o(y) = 6*y**2 + 14*y + 25. S